, p*k - 4*s + 2 = 0. Let c be k*-1*1/(-3). Let t(j) = -2*j**3 + j**2 - j - 1. Give t(c).
3
Let i(z) = -9*z**3 + 3*z**2 - 6*z - 6. Let o = 21 + -40. Let x = 23 + o. Let w(g) = 5*g**3 - g**2 + 3*g + 3. Let f(d) = x*i(d) + 7*w(d). Determine f(3).
6
Suppose 2*a - 9 - 7 = -5*w, 0 = -3*w + 4*a + 20. Let p(y) = -y**3 + 3*y**2 + y. What is p(w)?
-12
Let q(k) be the first derivative of -k**5/60 + k**4/12 - k**3/3 - 8*k**2 + 16. Let t(y) be the second derivative of q(y). Determine t(2).
-2
Let b(a) = -127 + 126 + 6*a**2 - 2*a**2 + 2*a**2. What is b(1)?
5
Let g(o) = 19*o**2 - 15*o - 18. Let w(z) = -16*z**2 + 14*z + 18. Let d(r) = 5*g(r) + 6*w(r). Calculate d(10).
8
Let w = 87 - 84. Let s be (-92)/(-20) + w + 6/(-10). Let q(x) = 2*x + 1. What is q(s)?
15
Let i(o) be the second derivative of 5*o**4/3 - o**3/6 + o**2/2 + 77*o. Give i(1).
20
Let m(j) be the third derivative of 7/6*j**3 - 1/120*j**6 + 1/10*j**5 + 0*j - 1/6*j**4 - 1 - 37*j**2. What is m(5)?
12
Let s(l) = l**3 - l**2 - 8. Let r(u) = -2*u**2 - 6. Let w be r(-2). Let z be 2/w - 3/(-21). Calculate s(z).
-8
Suppose 6 = -4*u - 2*k - 6, -3*u = -2*k - 5. Let d(c) be the third derivative of -1/12*c**5 + 1/12*c**4 + 1/6*c**3 + 4*c**2 + 0*c + 0. What is d(u)?
-6
Let j = 4 - -2. Let d(v) = -v**2 - 2*v + 1. Let n be d(0). Let q(w) = -5 + 3*w - 4 + n - 1. Give q(j).
9
Let d = 24 + -21. Let p(j) = -d + 44*j + 4*j**2 - 40*j - 5*j**2. Determine p(2).
1
Let s(l) = 4*l - 3*l**2 + 1 - 4 + 3. Let u be (-3)/(-12) + 15/4. Let f be 2 + 3 + u/(-2). Give s(f).
-15
Let q(x) be the second derivative of 3*x**3/2 - 5*x**2 - 8*x. Let c(z) = 8*z - 9. Let t(i) = -6*c(i) + 5*q(i). Calculate t(4).
-8
Let f(c) be the second derivative of -c**5/20 - 2*c**4/3 - c**3 + 2*c**2 - 18*c. Let d be f(-7). Let x(a) = a**2 - a - 4. Determine x(d).
8
Let b = -984 - -980. Let c(h) = -h - 1. Calculate c(b).
3
Let y(q) = q**3 + 5*q**2 + q - 3. Let i(z) = -2*z - 17. Let k = -22 + 16. Let g be i(k). Calculate y(g).
-8
Let h(q) = q**2 - 10*q + 9. Let s(o) = -3*o**2 + 31*o - 26. Let y(m) = -7*h(m) - 2*s(m). Calculate y(6).
1
Let j(m) = -m - 5. Let i be (-34 + 35)*(-1 + -1 + -1). Calculate j(i).
-2
Let s = -56 - -58. Let b(g) = 2*g - 251 - g**2 + 5*g + s*g**2 + 257. Give b(-6).
0
Let q(z) = 4*z + 3. Let f(r) = r**3 + 29*r**2 - 61*r + 30. Let s be f(-31). What is q(s)?
-1
Let r(l) = 5*l + 28. Let f(h) = -h - 4. Let i(p) = 6*f(p) + r(p). Calculate i(-7).
11
Let c be 2 + -2 + -9 + 14 + -7. Let u(p) = -p**3 - 2*p**2 - 1. Give u(c).
-1
Let h(f) = 4*f**2 - 3*f**2 + 83 - f + 0*f**2 - 65. What is h(0)?
18
Suppose 1 - 4 = f. Suppose -30 + 10 = -5*g. Let n(y) = -y + 5*y - y - 2 + g. Give n(f).
-7
Let p(j) = 8 + 6*j + 3*j**2 + 0*j + j**3 + 4*j**2 - 2*j**2. Let a be p(-4). Let f(u) = u**3 + u**2 + u + 8. Give f(a).
8
Let m(o) be the first derivative of -o**4/12 - o**3/3 + o**2/2 - 7*o - 24. Let d(n) be the second derivative of m(n). Calculate d(-3).
4
Let u(x) = -42*x**3 + x**2 - x - 1. Suppose -4*s = 2*c + 6, 7*s + 4*c + 5 = 6*s. What is u(s)?
43
Let l(i) = 6*i**3 - 2*i**3 - 2*i**2 - i + 1 - 11*i**3 + 5*i**3. What is l(3)?
-74
Let r(n) = n + 1. Let q = 252 + -248. Give r(q).
5
Let a(r) = -r**3 - 7*r**2 + 9*r + 6. Suppose 0*z - 2*z - t + 10 = 0, 0 = 3*z + 5*t - 8. Let n be ((-32)/z)/(16/24). What is a(n)?
-2
Let j(v) = v**2 - 11*v - 13. Let w be j(10). Let n = w + 29. Let i(x) = -x**3 + 7*x**2 - 6*x + 8. Calculate i(n).
8
Suppose 16 - 1 = -3*l. Let c(o) = 4*o**2 - 11*o. Let j(n) = -3*n**2 + 10*n. Let t(i) = l*j(i) - 4*c(i). What is t(-5)?
5
Let h(j) = j**2 + 1. Let o(n) = -n**3 - 5*n**2 + 5*n - 1. Let m be o(-6). Suppose 2*x = 1 - m. Let v be (4 + 0)/(0 + x). Give h(v).
5
Let l(j) = -j**2 - j**3 + 10 - j**2 - 571*j + 572*j - 7*j**2. Calculate l(-9).
1
Let j(s) = s**3 - s**2 + s - 1. Let l(d) = 3*d**3 - 8*d**2 + 2. Let c(o) = -o**3 - 10*o**2 - o - 12. Let n be c(-10). Let w(z) = n*j(z) + l(z). Give w(6).
-8
Let v be (-1 + (-5 - -3))/(-1). Suppose v*u + 5 = 14. Let f(p) = p - 3. Let k be f(u). Let h(n) = -n**2 - n + 11. Give h(k).
11
Let m(b) be the first derivative of b**4/4 + 2*b**3/3 + 3*b**2/2 - 112. Determine m(-2).
-6
Let p(c) = 3*c - 52*c**2 + 39*c**2 - 4*c + 2*c. Give p(1).
-12
Suppose 21*x = 15*x - 90. Let a be (-1 - 0)*(x + 15)*-1. Let d(o) = o**3 - o**2 + o + 6. Determine d(a).
6
Let l be (-4)/(-12) - (-64)/6. Let m(r) = 3 - 14*r**2 - 6 + 5*r**2 - 6 - l*r - r**3. Give m(-8).
15
Let k be -4 + 1 - (8 - 9). Let r(y) = -y**2 - y - 4. Let d(i) = 2*i**2 + 2*i + 5. Let o(h) = 2*d(h) + 3*r(h). Calculate o(k).
0
Let x(k) = -k**2 - 6*k + 59. Let i be x(5). Let g(w) = -i*w - 3 - w**2 + 8 + 2. What is g(-7)?
-14
Suppose 127*s - 138*s = -11. Let l(h) = -6*h**2 - 6*h + 6. Let t(a) = a**2 + a - 1. Let m(q) = -l(q) - 5*t(q). What is m(s)?
1
Let r be (0 + 8)*(6 + -7). Let y be (-9)/3*(r + 1). Suppose -3*a = -3*d + y, -2*d + 0*d - 1 = a. Let f(i) = -i**3 + 2*i**2 - 3*i + 3. Determine f(d).
-3
Let v(z) = z**2 - 4. Suppose 3*r + 3*j - 6 = 0, -4*j = r - 5 - 12. Let g be v(r). Let h(c) = 0 + 15 - 3 + 0 - c. What is h(g)?
7
Let q(j) = -2*j**3 + 5*j + 16*j**3 - 7*j**3 - 8*j**3 + 5*j**2 + 6 + 0*j**2. Give q(6).
0
Let x(a) = a - 4. Let w(u) = 6*u - 21. Let r(p) = p**2 - 5*p - 4. Let s be r(6). Let q(o) = s*w(o) - 11*x(o). Determine q(-1).
1
Let t(b) = -b**2 - 7*b - 6. Let s(h) = -7*h**2 + 10*h + 5. Let v(d) = 5*d**2 - 9*d - 5. Let y(z) = 3*s(z) + 4*v(z). Let k(n) = -5*t(n) + 6*y(n). Give k(-2).
-2
Let x(w) = -2*w - 1. Suppose 5*n - k + 21 = -10, -5*n + 3*k = 33. Calculate x(n).
11
Let u(n) = n + 11. Let t be ((-92)/(-115))/((-6)/45). Calculate u(t).
5
Let c(h) = h**2 + 2*h - 1. Let n(d) = -d**2 - 40*d + 2. Let v be n(0). What is c(v)?
7
Let a(d) = 15*d**2 - d - 1. Suppose 11*s + 9 = 12*s - 2*g, -s = 5*g + 26. What is a(s)?
15
Let j = -151 + 149. Let n(s) = 5*s - 11. Let h(q) = q - 3. Let c(t) = j*n(t) + 9*h(t). What is c(4)?
-9
Let x(y) be the second derivative of y**7/840 - 11*y**4/24 - 7*y**3 - 12*y. Let g(f) be the second derivative of x(f). What is g(0)?
-11
Suppose 5 = 3*s - 7. Let a(o) = -s*o + 1 - 2*o**2 + o - 3 + 2*o - o**3. What is a(-3)?
10
Let j(o) = -4 + 3 - o + 3. Let u = -4 + 11. Let a be 2/u - (-12)/(-42). Give j(a).
2
Suppose 3*u - 6 = 2*u. Suppose -4*n + u*n + 2*n = 0. Let h(w) be the first derivative of -w**4/4 - w**3/3 + 3*w + 1. Give h(n).
3
Let u = -341 - -339. Let g(i) = -6*i**2 + i - 11. Let z(f) = f**2 + 2. Let s(v) = -2*g(v) - 11*z(v). What is s(u)?
8
Let p(o) = 146*o + 3 + o**2 + 9 - 151*o. Calculate p(8).
36
Suppose 5*b - 4*b + j + 1 = 0, 0 = -4*j - 12. Let n(l) = 7*l**2 - 2*l + 1. Determine n(b).
25
Let s(u) = 2*u + 1 + 2*u + 0*u + 4 + 4. Calculate s(7).
37
Let x(h) be the first derivative of 1/2*h**2 - 10 + 11*h. Give x(-6).
5
Suppose -16*d - 1 = -17*d. Let g(l) = 2 + d - l + 15. Let j be g(17). Let h(q) = 3*q**2 + q - 1. What is h(j)?
3
Suppose 0 = d - 2*c + 5, -d - c + 1 = -3*d. Let u(m) = 2*m**3 - 6*m**2 - 3*m**3 - 39*m + 41*m + d. What is u(-6)?
-11
Let j(g) = g + 3. Let r be j(-2). Let o(u) be the first derivative of -13*u**4/12 - u**2/2 - 30*u - 62. Let h(t) be the first derivative of o(t). What is h(r)?
-14
Suppose 0 = -4*p + o + 49, 4*o - 35 + 11 = -4*p. Let w(t) = -t**2 + 7*t + 13. Give w(p).
-31
Let i(a) = a**2 - 1. Suppose 6*r + 47 = 29. Calculate i(r).
8
Let f(h) = 2*h**3 - 2*h**2 - 26*h. Let i(d) = -d**3 + d**2 + 12*d. Let k(r) = -4*f(r) - 9*i(r). What is k(3)?
6
Let k(v) = -2*v + 2 + v**2 + 3*v**2 + 0 - v**3. Suppose -14*y + 32*y = 36. Calculate k(y).
6
Let a(d) = d**3 + 8*d**2 + 6. Let t be a(-8). Suppose 0 = 2*b - 0*b - t. Suppose 0 = -b*f + 3*i, f + 9 = 4*i + 3. Let k(z) = z**2 - 4*z + 1. Give k(f).
-3
Let z(f) = -f**2 - 6*f - 12 + 5 + 8 + 4. Calculate z(-5).
10
Let j = 60 + -52. Let o(y) = -j - y**3 + 5*y + 4 + 2. Determine o(3).
-14
Suppose -5*y = -k - 24, -k - 4*k = y + 16. Suppose 3*m - 3 = y*m. Let o(r) = 8*r + 1. Let f(g) = -9*g - 1. Let a(h) = -6*f(h) - 7*o(h). Give a(m).
5
Suppose -3*x - 17 + 29 = 0, -5*x + 23 = -3*z. Let t(c) = -9*c**3 - 2*c**2 - c. Determine t(z).
8
Let z(l) = -21*l + 2*l**2 - 32 + 7*l + 22. Let h be z(9). Let k = 32 - h. Let o(q) = q**2 - 4*q - 6. Determine o(k).
6
Suppose n = 2*n + 9. Let r = 13 + n. Let k(i) = -2 - r + i + 0*i. Give k(4).
-2
Let b(v) be the second derivative of 2*v**3/3 + 21*v**2/